{"version":"1.0","provider_name":"Cl\u00ednica Eyecos - Cambio color de ojos","provider_url":"https:\/\/eyecos.eu\/fr\/","author_name":"coordinatormedia@eyecos.eu","author_url":"https:\/\/eyecos.eu\/fr\/author\/coordinatormediaeyecos-eu\/","title":"Directeur M\u00e9dical","type":"rich","width":600,"height":338,"html":"<blockquote class=\"wp-embedded-content\" data-secret=\"i69nMV4Rv3\"><a href=\"https:\/\/eyecos.eu\/fr\/directeur-medical\/\">Directeur M\u00e9dical<\/a><\/blockquote><iframe sandbox=\"allow-scripts\" security=\"restricted\" src=\"https:\/\/eyecos.eu\/fr\/directeur-medical\/embed\/#?secret=i69nMV4Rv3\" width=\"600\" height=\"338\" title=\"\u00ab\u00a0Directeur M\u00e9dical\u00a0\u00bb &#8212; Cl\u00ednica Eyecos - Cambio color de ojos\" data-secret=\"i69nMV4Rv3\" frameborder=\"0\" marginwidth=\"0\" marginheight=\"0\" scrolling=\"no\" class=\"wp-embedded-content\"><\/iframe><script>\n\/*! This file is auto-generated *\/\n!function(d,l){\"use strict\";l.querySelector&&d.addEventListener&&\"undefined\"!=typeof URL&&(d.wp=d.wp||{},d.wp.receiveEmbedMessage||(d.wp.receiveEmbedMessage=function(e){var t=e.data;if((t||t.secret||t.message||t.value)&&!\/[^a-zA-Z0-9]\/.test(t.secret)){for(var s,r,n,a=l.querySelectorAll('iframe[data-secret=\"'+t.secret+'\"]'),o=l.querySelectorAll('blockquote[data-secret=\"'+t.secret+'\"]'),c=new RegExp(\"^https?:$\",\"i\"),i=0;i<o.length;i++)o[i].style.display=\"none\";for(i=0;i<a.length;i++)s=a[i],e.source===s.contentWindow&&(s.removeAttribute(\"style\"),\"height\"===t.message?(1e3<(r=parseInt(t.value,10))?r=1e3:~~r<200&&(r=200),s.height=r):\"link\"===t.message&&(r=new URL(s.getAttribute(\"src\")),n=new URL(t.value),c.test(n.protocol))&&n.host===r.host&&l.activeElement===s&&(d.top.location.href=t.value))}},d.addEventListener(\"message\",d.wp.receiveEmbedMessage,!1),l.addEventListener(\"DOMContentLoaded\",function(){for(var e,t,s=l.querySelectorAll(\"iframe.wp-embedded-content\"),r=0;r<s.length;r++)(t=(e=s[r]).getAttribute(\"data-secret\"))||(t=Math.random().toString(36).substring(2,12),e.src+=\"#?secret=\"+t,e.setAttribute(\"data-secret\",t)),e.contentWindow.postMessage({message:\"ready\",secret:t},\"*\")},!1)))}(window,document);\n\/\/# sourceURL=https:\/\/eyecos.eu\/wp-includes\/js\/wp-embed.min.js\n<\/script>\n","description":"DIRECTEUR M\u00c9DICAL Dr. Pedro Grimaldos\u00a0 Directeur m\u00e9dical et ophtalmologiste Plus de 20 ans d&rsquo;exp\u00e9rience en ophtalmologie et en chirurgie oculaire. Formation et stages dans des centres de renomm\u00e9e internationale. Pionni\u00e8re dans le d\u00e9veloppement des lasers cosm\u00e9tiques pour les yeux appliqu\u00e9s \u00e0 l&rsquo;esth\u00e9tique de l&rsquo;iris. Pionnier des techniques laser pour la correction de la presbytie. D\u00e9veloppement [&hellip;]","thumbnail_url":"https:\/\/eyecos.eu\/wp-content\/uploads\/2026\/03\/grey.png"}

Clínica Eyecos - Cambio color de ojos

Directeur Médical

<blockquote class="wp-embedded-content" data-secret="i69nMV4Rv3"><a href="https://eyecos.eu/fr/directeur-medical/">Directeur Médical</a></blockquote><iframe sandbox="allow-scripts" security="restricted" src="https://eyecos.eu/fr/directeur-medical/embed/#?secret=i69nMV4Rv3" width="600" height="338" title="« Directeur Médical » &#8212; Clínica Eyecos - Cambio color de ojos" data-secret="i69nMV4Rv3" frameborder="0" marginwidth="0" marginheight="0" scrolling="no" class="wp-embedded-content"></iframe><script>
/*! This file is auto-generated */
!function(d,l){"use strict";l.querySelector&&d.addEventListener&&"undefined"!=typeof URL&&(d.wp=d.wp||{},d.wp.receiveEmbedMessage||(d.wp.receiveEmbedMessage=function(e){var t=e.data;if((t||t.secret||t.message||t.value)&&!/[^a-zA-Z0-9]/.test(t.secret)){for(var s,r,n,a=l.querySelectorAll('iframe[data-secret="'+t.secret+'"]'),o=l.querySelectorAll('blockquote[data-secret="'+t.secret+'"]'),c=new RegExp("^https?:$","i"),i=0;i<o.length;i++)o[i].style.display="none";for(i=0;i<a.length;i++)s=a[i],e.source===s.contentWindow&&(s.removeAttribute("style"),"height"===t.message?(1e3<(r=parseInt(t.value,10))?r=1e3:~~r<200&&(r=200),s.height=r):"link"===t.message&&(r=new URL(s.getAttribute("src")),n=new URL(t.value),c.test(n.protocol))&&n.host===r.host&&l.activeElement===s&&(d.top.location.href=t.value))}},d.addEventListener("message",d.wp.receiveEmbedMessage,!1),l.addEventListener("DOMContentLoaded",function(){for(var e,t,s=l.querySelectorAll("iframe.wp-embedded-content"),r=0;r<s.length;r++)(t=(e=s[r]).getAttribute("data-secret"))||(t=Math.random().toString(36).substring(2,12),e.src+="#?secret="+t,e.setAttribute("data-secret",t)),e.contentWindow.postMessage({message:"ready",secret:t},"*")},!1)))}(window,document);
//# sourceURL=https://eyecos.eu/wp-includes/js/wp-embed.min.js
</script>

DIRECTEUR MÉDICAL Dr. Pedro Grimaldos  Directeur médical et ophtalmologiste Plus de 20 ans d&rsquo;expérience en ophtalmologie et en chirurgie oculaire. Formation et stages dans des centres de renommée internationale. Pionnière dans le développement des lasers cosmétiques pour les yeux appliqués à l&rsquo;esthétique de l&rsquo;iris. Pionnier des techniques laser pour la correction de la presbytie. Développement [&hellip;]
